 + 55215?
55150
In base 2, what is 1001001111 + 110011000110?
111100010101
In base 13, what is 9 - -1463?
146c
In base 13, what is 0 - 206?
-206
In base 5, what is 141440 + -222?
141213
In base 7, what is -101 + -45655?
-46056
In base 14, what is 3 - -c1934?
c1937
In base 3, what is -10 + -120120022120?
-120120022200
In base 3, what is -11 - 1220021011?
-1220021022
In base 13, what is -472 + 65?
-40a
In base 3, what is -121 - 110110?
-111001
In base 4, what is 30 - -211032?
211122
In base 7, what is -444634 - 6?
-444643
In base 4, what is -11 + 2320200222?
2320200211
In base 13, what is -cc85 + 21?
-cc64
In base 11, what is 15 + 40302?
40317
In base 8, what is 1106 + -247?
637
In base 12, what is -3a - 66?
-a4
In base 2, what is 1100010001000110 - 10010?
1100010000110100
In base 15, what is 34006 + 3?
34009
In base 8, what is 435 - 507?
-52
In base 6, what is -3 + 54343?
54340
In base 8, what is -6235 + 100?
-6135
In base 6, what is -52352 - -232?
-52120
In base 15, what is -152 + -10ac?
-120e
In base 12, what is 196 + -5b6?
-420
In base 4, what is 10 - -1231101023?
1231101033
In base 2, what is 1011011001 + 10000?
1011101001
In base 8, what is 240122 + 1?
240123
In base 11, what is -172497 + 4?
-172493
In base 12, what is 4b77b + 30?
4b7ab
In base 8, what is 1154 + 2710?
4064
In base 8, what is -52377 - 2?
-52401
In base 3, what is -10 + -101011120222?
-101011121002
In base 16, what is -26 + 2b8d?
2b67
In base 3, what is -1011 + 20210011?
20202000
In base 2, what is 11100110001010110 - -10?
11100110001011000
In base 4, what is -10012 + 122101?
112023
In base 15, what is -1cd1 + 9?
-1cc7
In base 11, what is 9137aa + 5?
913804
In base 9, what is 541703 - 4?
541688
In base 14, what is -5 + -4512?
-4517
In base 15, what is 225d5 + -1?
225d4
In base 15, what is 12a1 - -28?
12c9
In base 13, what is -47876 + -3?
-47879
In base 10, what is -3 - 7667?
-7670
In base 7, what is -3 - 200525?
-200531
In base 8, what is -20 + 11025?
11005
In base 16, what is -e + -47?
-55
In base 10, what is 5 + 26332?
26337
In base 4, what is -102 + -23113320?
-23120022
In base 10, what is -470269 - -5?
-470264
In base 10, what is 3845 + -275?
3570
In base 8, what is 3703322 + 1?
3703323
In base 8, what is 1231 - -171?
1422
In base 15, what is 4a9 + -140?
369
In base 5, what is -34243 - -22?
-34221
In base 14, what is 20941 + 17?
20958
In base 13, what is 18 + -2623?
-2608
In base 13, what is 1ccc5 - -3?
1ccc8
In base 9, what is 65 - 1317?
-1242
In base 4, what is -11 + -200030220?
-200030231
In base 9, what is 20 + 2346?
2366
In base 16, what is -d6b3a + 0?
-d6b3a
In base 2, what is 111110 - 110000100110010?
-110000011110100
In base 5, what is 1 - 241311?
-241310
In base 4, what is -32012 - -3102?
-22310
In base 7, what is -126520 + 11?
-126506
In base 8, what is -52765 - -37?
-52726
In base 2, what is -10 - 10111110?
-11000000
In base 9, what is -10816 + -1?
-10817
In base 2, what is 1110010011101110110 - 101?
1110010011101110001
In base 3, what is -10200200021011 - 12?
-10200200021100
In base 13, what is -c58 + 19b?
-a8a
In base 16, what is 521 - 3f?
4e2
In base 3, what is -1121 - -100?
-1021
In base 15, what is -1b1b + 100?
-1a1b
In base 15, what is 353 + -111?
242
In base 2, what is 1000110011101100110110 + 101?
1000110011101100111011
In base 16, what is -2bef + 25?
-2bca
In base 14, what is 13d - 488?
-349
In base 9, what is 185 + 486?
682
In base 12, what is -73428 + 5?
-73423
In base 3, what is -11 + -10111021?
-10111102
In base 11, what is 0 - 2a323?
-2a323
In base 12, what is 54b80 - 2?
54b7a
In base 14, what is 207bd - -c?
207cb
In base 9, what is 68765 + -62?
68703
In base 4, what is 21302 + -30233?
-2331
In base 4, what is 12 + -300221?
-300203
In base 2, what is 11000111 - 11111011000?
-11100010001
In base 8, what is -53 - -4102?
4027
In base 6, what is 2505 - 233?
2232
In base 12, what is 21 + -416?
-3b5
In base 14, what is 1a013 + 2?
1a015
In base 7, what is -2203541 + 1?
-2203540
In base 7, what is -11654 - 206?
-12163
In base 6, what is 1103 + 4145?
5252
In base 16, what is -4e - -5b86?
5b38
In base 6, what is 1 + -21423?
-21422
In base 15, what is 18ed - 17?
18d6
In base 9, what is 1046215 + 3?
1046218
In base 11, what is -2031 - -51?
-1a90
In base 16, what is 42 - -1ec?
22e
In base 7, what is 3505 - -2?
3510
In base 6, what is 250135 + -2?
250133
In base 7, what is 1 - -2305?
2306
In base 5, what is 20020 + 11041?
31111
In base 2, what is -100110101000 + 111110?
-100101101010
In base 4, what is 31 + 102112?
102203
In base 12, what is -2 + -b6a8?
-b6aa
In base 15, what is -2ab1 + 17?
-2a99
In base 11, what is -91884 - 3?
-91887
In base 9, what is 1431 - 6?
1424
In base 5, what is -4023312 - 4?
-4023321
In base 2, what is -100 + -100010111111101?
-100011000000001
In base 3, what is 202001122 - 2?
202001120
In base 16, what is 18c850 - 1?
18c84f
In base 3, what is 222211221021 + -22?
222211220222
In base 4, what is 3 + -20021001?
-20020332
In base 6, what is 513514 + 5?
513523
In base 5, what is 430 + 1221030?
1222010
In base 15, what is -3 - 7d4a?
-7d4d
In base 2, what is -101100011 + -11100010?
-1001000101
In base 6, what is 1 - 313552?
-313551
In base 10, what is -143666 + 6?
-143660
In base 10, what is 331 - 289?
42
In base 3, what is 0 - 22120021002?
-22120021002
In base 5, what is 0 - 11200024?
-11200024
In base 16, what is 1371 - 4?
136d
In base 6, what is -25010115 + 10?
-25010105
In base 10, what is 78 + 19136?
19214
In base 16, what is -bf7d - -f?
-bf6e
In base 8, what is -105234 + 3?
-105231
In base 11, what is -59 + 2951?
28a3
In base 6, what is 2533 - -11415?
14352
In base 11, what is 67 + 28?
94
In base 14, what is 41 - -5b90?
5bd1
In base 13, what is 12400 + 6?
12406
In base 2, what is 110010110110 + -100101?
110010010001
In base 16, what is 2 - 6357?
-6355
In base 4, what is -3 - -132300202?
132300133
In base 13, what is -1150 - -138?
-1015
In base 9, what is 2 - 352475?
-352473
In base 7, what is -4 + 11444?
11440
In base 15, what is -1 - 10cb3?
-10cb4
In base 5, what is 1212110 - 1?
1212104
In base 9, what is -143 + -5?
-148
In base 9, what is -5 + 126310?
126304
In base 3, what is -12002002 + -10222?
-12020001
In base 10, what is 72853 - 3?
72850
In base 10, what is 9374 + 5?
9379
In base 4, what is 201220303 + 0?
201220303
In base 11, what is -1aa - 52?
-251
In base 3, what is -1 - 1020001102?
-1020001110
In base 3, what is -100 - -20111212110?
20111212010
In base 7, what is -21 + -41234?
-41255
In base 13, what is -3000 - -17?
-2cb6
In base 6, what is -4 - -35241?
35233
In base 15, what is -181e7 + 5?
-181e2
In base 9, what is -121466 + -22?
-121488
In base 3, what is -1012010021 - 2?
-1012010100
In base 2, what is 100101111101 + -111101?
100101000000
In base 14, what is 16 - -1230?
1246
In base 13, what is 2041a + 0?
2041a
In base 7, what is -11044 + 13?
-11031
In base 10, what is -24 + -3308?
-3332
In base 6, what is 2404214 + 11?
2404225
In base 3, what is -200220 - 111?
-201101
In base 8, what is 3224407 + -5?
3224402
In base 9, what is -3 - -3761?
3757
In base 12, what is 11 + 1385?
1396
In base 16, what is 7 + a76?
a7d
In base 6, what is 1043 - -3251?
4334
In base 11, what is 2 + 7172?
7174
In base 5, what is 241430 - 2?
241423
In base 5, what is 22224103 - 3?
22224100
In base 9, what is -5 - 13550?
-13555
In base 8, what is 3 - -63373?
63376
In base 12, what is 135a38 - -b?
135a47
In base 16, what is -8 + 4a9d?
4a95
In base 16, what is 0 - b599?
-b599
In base 10, what is -2 - 29729?
-29731
In base 9, what is 286 + 372?
668
In base 3, what is -11102 - 100?
-11202
In base 2, what is 100000100 + -100011101?
-11001
In base 14, what is -166 + c12?
a8a
In base 9, what is -467 - -1677?
1210
In base 4, what is 302 + 3010?
3312
In base 6, what is -202220 - 0?
-202220
In base 14, what is 20 + 1db80?
1dba0
In base 5, what is 10141 + 222?
10413
In base 11, what is -5 + -11a89a?
-11a8a4
In base 6, what is 13254 - -12302?
30000
In base 4, what is 11033221 + 2?
11033223
In base 7, what is -5 + 650320?
650312
In base 2, what is -11010101001100 - 1011?
-11010101010111
In base 7, what is -3 + 16032?
16026
In base 12, what is -7b5 + -27?
-820
In base 16, what is 42 - -55b?
59d
In base 6, what is 341 + -41?
300
In base 15, what is -2 - -4a098